s digit of 81/(-36)*88/i?
1
Suppose 0 = 3*z - 3*r + 6, 11*r - 9*r + 8 = -4*z. Let c(i) = 475*i**2 + 5*i - 5. What is the units digit of c(z)?
5
Suppose -27*f + 75452 + 39936 = -2656. What is the hundreds digit of f?
3
Let r be 15 + 18/12*(-2)/(-3). Suppose -j = r - 24. Let o(v) = -v**2 + 8*v + 2. What is the units digit of o(j)?
2
Let o be 3902/5 - (7 + 132/(-20)). Let k be 3/15 - (-38)/10. Suppose 0 = n + k*n - o. What is the hundreds digit of n?
1
Let c(g) = -106*g**2 + 14*g + 45. Let z be c(-3). Let f = z - -1508. What is the hundreds digit of f?
5
Suppose 66*i + 92120 = 37*i + 37*i. What is the thousands digit of i?
1
Suppose -4*f + 54319 = 3*j, -3*j = -4*f + 560 - 54847. What is the thousands digit of j?
8
What is the tens digit of ((-16)/(-10) - -2)/((-408)/(-384540))?
9
Let u(n) = 34*n + 309. Let k be u(-9). Suppose -w - k*z = -1423, -3*w - 7163 = -8*w + z. What is the hundreds digit of w?
4
Suppose 4*l - 128152 = -4*d, -8*l - 3*d + 160196 = -3*l. What is the tens digit of l?
4
Let x = 20381 + -6135. What is the hundreds digit of x?
2
Let n = -32 - -46. Let p = 44 + n. What is the units digit of p?
8
Let m be 50*411/15*10/4. Suppose -12*s = -17*s + m. What is the hundreds digit of s?
6
Suppose 115497 = 22*h + 98611 - 140568. What is the units digit of h?
7
Let p(s) = -s + 4. Let v be (-21)/(-18) + 4/(-24). Let j be -14 + 1/1 + v/1. What is the units digit of p(j)?
6
Suppose 0 = 5*a + 2*v - 56959, -4*a = 37*v - 39*v - 45578. What is the tens digit of a?
9
Suppose 76 = 4*u - 72. Suppose 0 = -32*y + u*y - 575. What is the tens digit of ((-4)/(-10))/(6 + (-689)/y)?
4
Let o(y) = -y**3 + 22*y**2 + 12. Let q be o(22). Suppose -q*u + 924 = -5*u. What is the hundreds digit of u?
1
Let h(j) = -41*j**3 - j**2 - 3*j - 1. Let d be h(-1). Suppose -54*q = -d*q - 576. What is the tens digit of q?
4
Let j = -55 + 20. Let k = 12 + -14. Let l = k - j. What is the tens digit of l?
3
Let f = 4605 - -1607. What is the units digit of f?
2
Let w(o) = -o**3 + 18*o**2 + 40*o - 56. Let j(f) = -20*f + 159. Let s be j(7). What is the hundreds digit of w(s)?
3
Let h = 27 - 25. Suppose -h*q - 3*q = 3*w - 1634, -2*q + w = -658. What is the units digit of 45/(-30)*q/(-6)?
2
Suppose -32066 = -4*m - 2*t, -5*m - 9*t + 6*t + 40083 = 0. What is the tens digit of m?
1
Suppose 47*g - 13*g - 22473 = 25*g. What is the hundreds digit of g?
4
Suppose -4*y + 30 = a, 5*a - y - 100 = 4*y. Suppose 2*d + s = -2*d - 12, -a = d + 5*s. What is the hundreds digit of ((-27)/30 + d/(-5))*-356?
1
Let h = -4871 + 26028. What is the hundreds digit of h?
1
Suppose -2*r + 14233 = 5*m, 12*m = -3*r + 17*m + 21337. What is the tens digit of r?
1
Suppose -8 = -n - 2*u, n + 2*u = -2*n + 4. Let z be (0/8)/(2/2*n). Suppose 5*v = 3*p + 527, -v + z*v + 3*p = -103. What is the tens digit of v?
0
Suppose 0 = 3*j, 0 = 5*o + j + 8 + 17. Let p(f) = -28*f - 15*f + 11*f - 5*f - 28. What is the units digit of p(o)?
7
Suppose 79*j - 64*j = 227749 + 7856. What is the ten thousands digit of j?
1
Suppose -3*y + 3767 - 227 = 0. What is the tens digit of y?
8
What is the hundreds digit of 16589 - ((-170)/17 - -3)?
5
Suppose f - 4 = -0*f. Suppose 8*i - 3168 = 2*i. Suppose 10*j - i = f*j. What is the units digit of j?
8
Suppose 106*c - 121*c = -90. Let a(f) = f**3 - 2*f**2 - 13*f + 7. What is the tens digit of a(c)?
7
Suppose -11*i + i = 0. Let l(m) be the first derivative of m**3/3 + m**2 + 84*m + 2. What is the tens digit of l(i)?
8
Let v(m) = -m**2 - m + 27. Suppose 4*o - 4*q = 0, -4*o + 4*q + 8 = -2*o. Let x be v(o). Suppose 10*d - x*d + 670 = 0. What is the tens digit of d?
3
Suppose 0 = 136*y - 156213 - 73219. What is the hundreds digit of y?
6
Suppose 5*n - 107137 = 4*z + 56985, 0 = -n - 2*z + 32830. What is the tens digit of n?
2
What is the tens digit of (-1)/(-1*10 - 111909237/(-11190949))?
3
Let v(p) = -16*p + 108. Let n(a) = -a + 2. Let i(m) = 5*n(m) - v(m). What is the units digit of i(14)?
6
Let b(g) = -5*g + 17. Let n be b(0). Suppose -3*r = -n*r + 4186. What is the hundreds digit of r?
2
Let m(r) = 20*r**2 - 49*r - 3253. What is the thousands digit of m(53)?
0
Let g be 8 + (-1 - -2 - 142). Let b = g + 600. What is the units digit of b?
7
Let n = -3312 + 6022. Suppose -5*k + 29*g + 2710 = 26*g, 5*k + g = n. What is the hundreds digit of k?
5
Suppose -2*h = -4*h + 3*h. Suppose -k = -2*c + 4, -c + h*k - k - 4 = 0. Suppose 2*t + 4 = c, 4*f + 5*t = 4 + 26. What is the tens digit of f?
1
Let a(x) = x**2 - 24*x + 146. Let h be a(10). Suppose -h*l = -911 - 2179. What is the units digit of l?
5
Let q(k) = 3*k**2 + k + 2. Let n(d) be the second derivative of d**2/2 - 14*d. Let j(t) = 3*n(t) + q(t). What is the tens digit of j(5)?
8
Suppose -z + 5*c + 6 = 0, -4*z + 3*c - 7 + 31 = 0. Suppose z = 2*b, -2*q = -5*q + 3*b + 1809. What is the units digit of q?
6
Suppose 3 + 16 = 4*a + s, -a = -2*s + 2. Suppose -2*l = 4*c - a*l - 2, 3*c - 5*l + 16 = 0. What is the units digit of (-237)/(c/(-1)) + -3?
6
Let g be 16*(-1 + 885/6). Suppose -5*o - 379 = -g. What is the tens digit of o?
9
Let n be ((-1)/4)/((-2)/1784). Let g = n - -26. Let z = g + -77. What is the hundreds digit of z?
1
Let d(j) = j**3 - 26*j**2 - j + 29. Let h be d(26). What is the hundreds digit of h/(14806/(-2116) - -3 - -4)?
0
Let p = -729 + 731. Suppose 6*v = 2*c + p*v - 1738, -2*v = -6. What is the hundreds digit of c?
8
Suppose 9*s = 8*s. Suppose -2*t + 24*b - 26*b + 526 = 0, s = 3*t + b - 793. What is the tens digit of t?
6
Let u(z) = 9 - 5*z + 2*z - 14 + 3. Let x be u(-2). Let k = x + 3. What is the units digit of k?
7
Suppose 0*f + 3*f + 2*i + 247 = 0, 0 = -5*f + 4*i - 441. What is the hundreds digit of (-3)/((-3)/488) - f/17?
4
Let m(j) = -34*j + 36. Let n be m(-3). Suppose 0 = -5*c + 4*h - 0*h - 395, 380 = -5*c + h. Let w = n + c. What is the units digit of w?
3
Suppose 230*n - 224*n - 66 = 0. Suppose 3416 = -n*i + 25*i. What is the hundreds digit of i?
2
Suppose 0 = -35*r + 272829 + 311284 + 4972. What is the hundreds digit of r?
8
Let d(s) = s**3 + 5*s**2 - s - 5. Let m = 47 + -51. Let x be d(m). Suppose -3*j = -x, 26 = -g + 4*g - 5*j. What is the tens digit of g?
1
Let r(b) = -b**3 + 18*b**2 + 4*b - 7. Let g be r(16). Let j = -254 + g. What is the units digit of j?
5
Suppose -5*c = -25, 0 = 34*t - 29*t + c - 920. Let r = t - 145. What is the units digit of r?
8
Suppose -x - 4*b + 3*b - 3 = 0, -4*b - 20 = 0. Suppose -2*w + j + 429 = 0, -x*w + j = -w - 212. What is the units digit of w?
7
Let o(j) be the third derivative of -j**6/120 + 3*j**4/8 + 7*j**3/6 + 8*j**2. Suppose 12 = -5*g + 3*g + 2*r, -4*r + 12 = -2*g. What is the units digit of o(g)?
9
Let q = 69799 - 2104. What is the thousands digit of q?
7
Suppose -1293775 = -31*n - 215161. What is the thousands digit of n?
4
Let q be (-1)/2 - (-17331)/(-106). Let i = 760 + q. What is the units digit of i?
6
What is the thousands digit of ((14911/65)/(4/(-10)))/((-3)/60)?
1
Suppose 4*g + 116 = 160. Suppose -g*a + 3 = -8*a. What is the units digit of a?
1
Let z(w) = 3*w + 34. Let y be z(-10). Suppose -3*x - x + 41 = 5*j, -3*j + y*x - 1 = 0. What is the tens digit of j/1 - 816/(-8)?
0
Suppose 5*j - 2*a + 1133 = 0, 0 = -2*j - a - 484 + 29. Let i = 1646 + j. What is the tens digit of i?
1
Let y = 141 - 78. Suppose -o + 3*o - 2 = 0, -317 = -3*n - 5*o. Let b = n - y. What is the tens digit of b?
4
Let k = 18388 - 15818. What is the thousands digit of k?
2
Let x(a) = a**3 + 11*a**2 + 2*a + 3. Let r be x(-11). Let u = 16 - r. What is the units digit of (-5 + u)*2/4?
5
Let r(c) = -13*c + 136. Let s be r(10). What is the tens digit of (1926/s)/(5/20*6)?
1
Let h = -41 + 85. Let t be (37/74)/(((-6)/h)/3). What is the hundreds digit of -914*1/(-6) + t/33?
1
Let p be (-16)/12*(-1 - 2). Suppose 0 = -3*s - 6*s. Suppose s = -p*h + 224 + 104. What is the units digit of h?
2
Suppose -20*r - r = -74844. What is the units digit of r?
4
Let c be 948/10*20/3. Let w = -540 + c. What is the units digit of w?
2
Let x(a) = 4*a**2 - 4. Let l be x(-2). Suppose -q - q - 4*b + l = 0, 1 = -b. Suppose -q*s = -362 - 798. What is the hundreds digit of s?
1
What is the units digit of (-99240)/(84/(-7)) - 1?
9
Suppose -6095 = 10*u + 665. Let j = u + 1278. What is the units digit of j?
2
Let w(g) be the first derivative of -8*g**2 +